of 7587727?
7
What is the hundred millions digit of 141922911?
1
What is the ten millions digit of 475796540?
7
What is the hundreds digit of 715075?
0
What is the tens digit of 309595190?
9
What is the hundred thousands digit of 3783641686?
6
What is the millions digit of 94495015?
4
What is the billions digit of 1842090056?
1
What is the hundreds digit of 35084202?
2
What is the thousands digit of 108369361?
9
What is the tens digit of 181897368?
6
What is the thousands digit of 166636269?
6
What is the hundred thousands digit of 180761229?
7
What is the hundreds digit of 17741713?
7
What is the tens digit of 3964489549?
4
What is the ten thousands digit of 2064742?
6
What is the hundred millions digit of 101198941?
1
What is the ten millions digit of 73806697?
7
What is the hundreds digit of 1315724057?
0
What is the hundred thousands digit of 101113390?
1
What is the ten thousands digit of 467182?
6
What is the tens digit of 5349952535?
3
What is the millions digit of 1723272841?
3
What is the thousands digit of 34975908?
5
What is the hundred thousands digit of 81337376?
3
What is the hundred thousands digit of 160913862?
9
What is the units digit of 2046440467?
7
What is the tens digit of 7589903028?
2
What is the millions digit of 541636347?
1
What is the ten millions digit of 65656499?
6
What is the units digit of 297494993?
3
What is the ten thousands digit of 7096065888?
6
What is the hundred millions digit of 224540456?
2
What is the thousands digit of 751683987?
3
What is the units digit of 154401383?
3
What is the millions digit of 97184570?
7
What is the hundreds digit of 1270901124?
1
What is the hundred thousands digit of 69545588?
5
What is the hundred thousands digit of 537137777?
1
What is the tens digit of 386823986?
8
What is the millions digit of 97503543?
7
What is the ten millions digit of 123197620?
2
What is the hundred thousands digit of 544466380?
4
What is the thousands digit of 7941912118?
2
What is the thousands digit of 2141203142?
3
What is the ten millions digit of 1095238128?
9
What is the units digit of 502966467?
7
What is the tens digit of 73626893?
9
What is the ten thousands digit of 4455797?
5
What is the tens digit of 676642802?
0
What is the thousands digit of 35737101?
7
What is the hundred thousands digit of 147218446?
2
What is the hundred thousands digit of 148880044?
8
What is the tens digit of 194240844?
4
What is the hundred thousands digit of 1151904110?
9
What is the ten thousands digit of 420925132?
2
What is the thousands digit of 2199977627?
7
What is the ten millions digit of 135096127?
3
What is the millions digit of 3163664475?
3
What is the units digit of 112574879?
9
What is the millions digit of 48052650?
8
What is the hundreds digit of 122954712?
7
What is the millions digit of 1614298010?
4
What is the tens digit of 341269553?
5
What is the units digit of 104533573?
3
What is the hundreds digit of 44602050?
0
What is the tens digit of 440805474?
7
What is the hundred thousands digit of 837852933?
8
What is the units digit of 161449747?
7
What is the tens digit of 811256461?
6
What is the ten thousands digit of 107352496?
5
What is the thousands digit of 24038293?
8
What is the hundreds digit of 491784937?
9
What is the ten millions digit of 246270010?
4
What is the ten millions digit of 343160176?
4
What is the thousands digit of 2908143548?
3
What is the thousands digit of 741005576?
5
What is the hundred thousands digit of 86030950?
0
What is the hundred thousands digit of 126728850?
7
What is the ten millions digit of 788608373?
8
What is the tens digit of 4508173430?
3
What is the units digit of 23815853?
3
What is the hundred millions digit of 585713735?
5
What is the hundreds digit of 6824755?
7
What is the thousands digit of 3417177846?
7
What is the ten millions digit of 1656901233?
5
What is the tens digit of 54078122?
2
What is the units digit of 731765090?
0
What is the millions digit of 107066725?
7
What is the hundred thousands digit of 139971908?
9
What is the billions digit of 6482854438?
6
What is the thousands digit of 6146450?
6
What is the tens digit of 2269126918?
1
What is the hundreds digit of 63194418?
4
What is the hundreds digit of 215326338?
3
What is the millions digit of 29519323?
9
What is the ten thousands digit of 42955866?
5
What is the hundred thousands digit of 17618075?
6
What is the ten millions digit of 152193756?
5
What is the thousands digit of 2088847366?
7
What is the units digit of 280590963?
3
What is the hundred thousands digit of 49004712?
0
What is the tens digit of 58010274?
7
What is the hundreds digit of 13600093?
0
What is the hundreds digit of 57576060?
0
What is the millions digit of 3672750?
3
What is the ten millions digit of 376279389?
7
What is the thousands digit of 321638902?
8
What is the ten millions digit of 152931965?
5
What is the tens digit of 212071209?
0
What is the millions digit of 798315215?
8
What is the tens digit of 1083610970?
7
What is the thousands digit of 20426214?
6
What is the millions digit of 47759497?
7
What is the hundred thousands digit of 6539476?
5
What is the hundred thousands digit of 159903624?
9
What is the millions digit of 3622476439?
2
What is the ten thousands digit of 12482259?
8
What is the tens digit of 48949152?
5
What is the ten thousands digit of 32659976?
5
What is the units digit of 299047523?
3
What is the tens digit of 527054863?
6
What is the hundreds digit of 489351138?
1
What is the ten thousands digit of 1334706173?
0
What is the tens digit of 26947340?
4
What is the millions digit of 78769813?
8
What is the tens digit of 414103493?
9
What is the units digit of 55110276?
6
What is the hundred millions digit of 9307071614?
3
What is the ten thousands digit of 63932523?
3
What is the hundreds digit of 985176264?
2
What is the millions digit of 446598477?
6
What is the millions digit of 843863480?
3
What is the thousands digit of 409819854?
9
What is the hundred thousands digit of 880647451?
6
What is the hundreds digit of 3487700386?
3
What is the hundred thousands digit of 47319894?
3
What is the hundreds digit of 186273091?
0
What is the millions digit of 1233149979?
3
What is the millions digit of 59621110?
9
What is the hundred thousands digit of 113418894?
4
What is the hundreds digit of 109679192?
1
What is the thousands digit of 1661010?
1
What is the hundred millions digit of 102306773?
1
What is the millions digit of 5444761405?
4
What is the hundred thousands digit of 80880298?
8
What is the hundreds digit of 4221658398?
3
What is the ten millions digit of 399355251?
9
What is the hundred thousands digit of 765327929?
3
What is the millions digit of 104429578?
4
What is the ten millions digit of 43097215?
4
What is the millions digit of 996819085?
6
What is the ten millions digit of 45410098?
4
What is the thousands digit of 152770351?
0
What is the millions digit of 52022836?
2
What is the ten millions digit of 81365245?
8
What is the hundred thousands digit of 443051905?
0
What is the thousands digit of 7694437781?
7
What is the thousands digit of 31875018?
5
What is the ten thousands digit of 104567859?
6
What is the hundred thousands digit of 1004459992?
4
What is the billions digit of 5930571758?
5
What is the ten millions digit of 7204635762?
0
What is the hundreds digit of 29480790?
7
What is the hundred thousands digit of 15945849?
9
What is the ten millions digit of 411378633?
1
What is the ten millions digit of 762111892?
6
What is the millions digit of 115495342?
5
What is the hundreds digit of 64038827?
8
What is the tens digit of 4014553771?
7
What is the hundreds digit of 1745866126?
1
What is the ten millions digit of 36698899?
3
What is the units digit of 535293456?
6
What is the hundreds digit of 101480?
4
What is the hundred thousands digit of 30493824?
4
What is the millions digit of 57221273?
7
What is the hundreds digit of 259587147?
1
What is the tens digit of 140027786?
8
What is the tens digit of 787172766?
6
What is the millions digit of 1441051013?
1
What is the billions digit of 5142517093?
5
What is the hundreds digit of 2369233204?
2
What is the hundred millions digit of 177940018?
1
What is the units digit of 292120007?
7
What is the